e 5, what is 33104 - 3?
33101
In base 4, what is -11320 - -100?
-11220
In base 2, what is -11 - -100110110111?
100110110100
In base 13, what is -6 - -4b5?
4ac
In base 3, what is 110112 - -1111?
112000
In base 5, what is -2 + 40241?
40234
In base 6, what is -2 + 2215?
2213
In base 15, what is 5 + 1491?
1496
In base 8, what is -15 - -3151?
3134
In base 9, what is 3 + 737?
741
In base 16, what is -3 + fe?
fb
In base 14, what is -52 + -12?
-64
In base 11, what is -128 + 32?
-a6
In base 5, what is -3 + -2143?
-2201
In base 13, what is 22a - -2?
22c
In base 11, what is -5 - 264?
-269
In base 9, what is -8257 + -4?
-8262
In base 9, what is -85 - -6?
-78
In base 16, what is -2 + -2e?
-30
In base 5, what is -4310 + 2?
-4303
In base 6, what is -14420 + 2?
-14414
In base 13, what is -4 - 403?
-407
In base 6, what is 0 + 102?
102
In base 8, what is 31 - 125?
-74
In base 12, what is 5 + -148?
-143
In base 13, what is 4 - -856?
85a
In base 10, what is 3 + -188?
-185
In base 7, what is -1 + -1026?
-1030
In base 13, what is 43 + -8?
38
In base 6, what is -13 + 40?
23
In base 9, what is -131 - 5?
-136
In base 14, what is 3b - -4?
41
In base 13, what is -4 + -21?
-25
In base 9, what is 13 - 253?
-240
In base 2, what is 1000010000 + -1001?
1000000111
In base 12, what is 2 + -1a?
-18
In base 12, what is -768 - 2?
-76a
In base 6, what is 2510 - -11?
2521
In base 15, what is -1d5 - 3?
-1d8
In base 4, what is 3231 + 11?
3302
In base 15, what is -298 + 0?
-298
In base 4, what is -222200 + -10?
-222210
In base 3, what is 101220210 - 1?
101220202
In base 15, what is 7e + -14?
6a
In base 5, what is -11033 - 10?
-11043
In base 3, what is 11 + 221?
1002
In base 5, what is -21322 + -22?
-21344
In base 3, what is 0 - -10010?
10010
In base 13, what is 1c87 + -3?
1c84
In base 12, what is -195 + 1?
-194
In base 8, what is -12 + 73?
61
In base 8, what is 13110 - 1?
13107
In base 8, what is -2 - 2540?
-2542
In base 16, what is 1016 - -4?
101a
In base 5, what is 21 + 242?
313
In base 8, what is -3 + -13?
-16
In base 12, what is 163 + 18?
17b
In base 14, what is -38 + 1?
-37
In base 2, what is -1001 + 110010?
101001
In base 13, what is -241 + -3?
-244
In base 5, what is -1304 + 1?
-1303
In base 14, what is -1 + -24?
-25
In base 15, what is 2b9 + -2d?
28b
In base 2, what is 1011 - -10?
1101
In base 5, what is 2 + 442?
444
In base 11, what is 71 - 1?
70
In base 16, what is -2 + 231?
22f
In base 8, what is 1755 + 4?
1761
In base 11, what is 5 - 455?
-450
In base 16, what is -2 + 13e?
13c
In base 13, what is 22 + -108?
-b6
In base 10, what is 4 - -3910?
3914
In base 6, what is 3431 - -3?
3434
In base 5, what is 10 - 443?
-433
In base 9, what is 11 - -41?
52
In base 3, what is -10 + 11200?
11120
In base 3, what is -1100 - 1102?
-2202
In base 10, what is 673 + 5?
678
In base 3, what is 2 + -11202111?
-11202102
In base 14, what is 6a5 - -3?
6a8
In base 14, what is 4 + 26?
2a
In base 13, what is -5 + 6?
1
In base 8, what is 3 - 133?
-130
In base 4, what is 2 + 301?
303
In base 9, what is 6 - -81?
87
In base 8, what is -5 + 144?
137
In base 3, what is 1001001 + 10?
1001011
In base 12, what is -43 + -8?
-4b
In base 9, what is -51 - -225?
164
In base 3, what is 10 + -1210?
-1200
In base 12, what is 1 - -4?
5
In base 10, what is 615 - 2?
613
In base 6, what is -10 - 103?
-113
In base 4, what is -10 - -2223?
2213
In base 7, what is -2 - -44?
42
In base 8, what is 307 + -2?
305
In base 15, what is 36 + c?
43
In base 12, what is 516 + -5?
511
In base 5, what is 1 + 3214?
3220
In base 15, what is 8 + 11?
19
In base 7, what is 0 + -2153?
-2153
In base 10, what is 4 - -63?
67
In base 4, what is -1011 + 3?
-1002
In base 7, what is 31 - -31?
62
In base 14, what is 3 - 16b?
-168
In base 8, what is 20 - 11?
7
In base 16, what is -3 - -4?
1
In base 4, what is -31 - -2?
-23
In base 16, what is -4 + 1c1?
1bd
In base 9, what is -3 - -152?
148
In base 14, what is 123 + -3?
120
In base 13, what is 2 - -1019?
101b
In base 8, what is 1 + 25?
26
In base 11, what is -3 - 35?
-38
In base 8, what is 176 - -17?
215
In base 14, what is -3 - -a18?
a15
In base 14, what is 22 + 1?
23
In base 2, what is -1111010111011 + 11?
-1111010111000
In base 8, what is 4 + 1052?
1056
In base 14, what is -d + 6?
-7
In base 5, what is -11 - -1443?
1432
In base 9, what is 575 - 2?
573
In base 16, what is 15 + a?
1f
In base 3, what is 12 + 12202201?
12202220
In base 16, what is 70 + 5?
75
In base 9, what is 8 + -355?
-346
In base 8, what is -145 - -21?
-124
In base 2, what is 101 + -11011?
-10110
In base 10, what is 2 - 104?
-102
In base 7, what is 434 + 4?
441
In base 12, what is -36 - -271?
237
In base 4, what is 1032 - -2?
1100
In base 11, what is 4 + 9?
12
In base 2, what is -10 + 0?
-10
In base 13, what is -4 + 11a0?
1199
In base 14, what is 18 - 3bc?
-3a4
In base 4, what is -2 - 3012?
-3020
In base 13, what is 174 + -8?
169
In base 16, what is 45 - dc?
-97
In base 16, what is -e - -14?
6
In base 5, what is 4 - -24?
33
In base 13, what is 35a4 - -5?
35a9
In base 9, what is 102 + -8?
83
In base 16, what is 1 - 153?
-152
In base 11, what is -5 - -1981?
1977
In base 13, what is 1651 - 7?
1647
In base 5, what is -34010 - 10?
-34020
In base 6, what is -2 + -2531?
-2533
In base 2, what is -11011101 - 101?
-11100010
In base 2, what is -100 - -10010001?
10001101
In base 3, what is -10 - 11211?
-11221
In base 2, what is -11 + 10111010101?
10111010010
In base 3, what is -11 - 1211000?
-1211011
In base 10, what is 115 - -3?
118
In base 3, what is -221 + -101?
-1022
In base 3, what is 10 - -10111?
10121
In base 6, what is 3 - 4343?
-4340
In base 14, what is 51 + 7?
58
In base 16, what is 0 + -32?
-32
In base 5, what is -2 + 2043?
2041
In base 4, what is -11 + 1122101?
1122030
In base 10, what is 3 - -1443?
1446
In base 2, what is 100 - -11011011?
11011111
In base 5, what is -3 + 223?
220
In base 5, what is -11111 + -20?
-11131
In base 12, what is 798 - 1?
797
In base 11, what is 4 + -355?
-351
In base 13, what is -39 + 1?
-38
In base 13, what is a - -12?
1c
In base 8, what is 13 - 2227?
-2214
In base 16, what is 5 - 6bd?
-6b8
In base 2, what is 1101100 - 0?
1101100
In base 8, what is -7647 - 3?
-7652
In base 3, what is -102100 + -1?
-102101
In base 9, what is 2 + 142?
144
In base 7, what is -62 - -3?
-56
In base 16, what is 9 - 136?
-12d
In base 10, what is -7 - -303?
296
In base 16, what is -5 + 83?
7e
In base 9, what is -280 - 3?
-283
In base 15, what is 2 + -10e?
-10c
In base 5, what is 232 - -2?
234
In base 10, what is -90 + 2?
-88
In base 4, what is 11 - 112310?
-112233
In base 3, what is 11 + 1122?
1210
In base 13, what is 5 - 4a1?
-499
In base 3, what is 1 - -202011?
202012
In base 10, what is -6 - -235?
229
In base 5, what is -44 - 0?
-44
In base 6, what is 3 - -13241?
13244
In base 5, what is 104414 - 11?
104403
In base 14, what is 14 + 1166?
117a
In base 10, what is -52 - 4?
-56
In base 9, what is -5 + -206?
-212
In base 15, what is -1c - 3?
-20
In base 3, what is -10102 - -2?
-10100
In base 14, what is -2 - 100?
-102
In base 15, what is 8 + -12?
-9
In base 5, what is -33144 - -10?
-33134
In base 4, what is -1200 + -113?
-1313
In base 8, what is 214 - 12?
202
In base 10, what is -4 - -163?
159
In base 12, what is 235 - -2?
237
In base 11, what is -35 - 3?
-38
In base 3, what is 201 - -2012?
2220
In base 7, what is -12 - 4350?
-4362
In base 10, what is -48 + 1?
-47
In base 16, what is fd2 - -3?
fd5
In base 10, what is -87 + 48?
-39
In base 4, what is -11 + -302013?
-302030
In base 14, what is -5 - 430?
-435
In base 4, what is 11 - 1030?
-1013
In base 7, what is -1 - 141?
-142
In base 2, what is 101 - -1011110101?
1011111010
In base 15, what is 252 - -1?
253
In base 3, what is -11 - -22122001?
22121220
In base 6, what is 1122 + 0?
1122
In base 13, what is 82 - -c?
91
In base 6, what is -133 - 311?
-444
In base 4, what is 33313 - -2?
33321
In base 5, what is 2 - 131?
-124
In base 12, what is 6b - 4?
67
In base 4, what is -13 - -220?
201
In base 16, what is 1 + -1f?
-1e
In base 10, what is -13 - 12?
-25
In base 2, what is 0 - -101011001010?
101011001010
In base 15, what is -3 + 969?
966
In base 4, what is -1010011 - 11?
-1010022
In base 4, what is -103 + 102?
-1
In base 10, what is -1 + 1960?
1959
In base 13, what is -c - a7?
-b6
I